 + w**3 + 4*w**2 + 17*w. List the prime factors of t(-1).
3, 11
Let d(n) = 6*n**2 + 75*n + 13. Let w be d(-13). Let u(x) = 13*x**2 + 2*x. Let y be u(-2). Suppose -y*i - 104 = -w*i. What are the prime factors of i?
2, 13
Let p be ((-36000)/4)/9 - 6. Let z = 2094 + p. What are the prime factors of z?
2, 17
Suppose 10 - 6 = y. Suppose 5*u + y = 14. Suppose -47 = -2*s - u*m + 299, -4*m + 346 = 2*s. List the prime factors of s.
173
Suppose 5598 = 14*f + 4*f. Suppose w - 122 + 9 = 0. Let q = f - w. List the prime factors of q.
2, 3, 11
Let x(s) = 18*s**3 + 2*s**2 + 6*s + 4. Suppose -16*h = -11*h - 25. Let n be x(h). What are the prime factors of n/42 - 9/(-21)?
2, 7
Let f(j) = 22*j**2 - 80*j - 123. What are the prime factors of f(27)?
3, 5, 7, 131
Suppose -252*z + 48840 = -228*z. List the prime factors of z.
5, 11, 37
Let h(m) = m**2 - 13*m - 26. Let j be h(-38). Let k = -1357 + j. List the prime factors of k.
3, 5, 37
Let r = 26194 - 7910. List the prime factors of r.
2, 7, 653
What are the prime factors of ((-41)/(-4))/(638/451704)?
3, 41, 59
Let i be -3*(-1)/1*2/(-6). Let s(m) = -13*m**2 + 5*m + 1. Let z be s(i). Let t = 17 - z. What are the prime factors of t?
2, 17
Let y = 16554 - 9918. What are the prime factors of y?
2, 3, 7, 79
What are the prime factors of 25606 + 0 + -7*136/119?
2, 12799
Let m be (-11)/(22/(-8))*(-6)/(-3). List the prime factors of (-87 + 3)/(-1*m/84).
2, 3, 7
Let x(l) = 13*l**2 + 12*l + 13. Let d(w) = -w. Let s(i) = 3*d(i) + x(i). Let f be s(-6). Suppose -3*a + c - f = -7*a, -2 = 2*c. What are the prime factors of a?
107
Let b(p) = 11*p**3 + 2*p**2 - 3*p - 2. Let w = -38 - -62. Suppose -8*x + w - 8 = 0. What are the prime factors of b(x)?
2, 11
What are the prime factors of 18/(2430/2415855) - 2/9?
3, 5, 1193
Suppose 0 = -41*k + 2286766 - 147960. What are the prime factors of k?
2, 26083
Let u(h) = 3*h - 27. Let z(n) = 8*n - 80. Let t(g) = -7*u(g) + 2*z(g). Let x be t(-20). Let q = x + -86. What are the prime factors of q?
43
Suppose 0*o - 3*o = -4*d, -4*d = -2*o. Let r be -5*(-4)/20 - (o + -111). Suppose 4*g - 6*g + r = 0. What are the prime factors of g?
2, 7
Suppose 5 = -18*c + 19*c. Suppose 4*k - 230 - 97 = y, c*y = 2*k - 177. Let w = 57 + k. List the prime factors of w.
2, 3, 23
Let l = 17365 - 5512. What are the prime factors of l?
3, 439
Let a be (-2)/(-6) + (-3)/9. Suppose 2*x + 4*p + a*p = 36, 5*x - 66 = 2*p. Suppose -5*i + x*i - 1809 = 0. List the prime factors of i.
3, 67
Suppose 70*s - 546752 = -171202. What are the prime factors of s?
5, 29, 37
Suppose -98*u = 57*u - 37*u - 1864636. List the prime factors of u.
2, 7901
Let x(u) = -63 + 32 - 7*u + 2. Let l be x(-5). Let t(w) = -2*w**2 + 16*w - 8. What are the prime factors of t(l)?
2
Let x be 30/(-45) + (-46)/(-6). Suppose x*c + 27 = 16*c. Let k(m) = 40*m + 1. List the prime factors of k(c).
11
Let h(g) = 6*g - 4*g**3 - 67*g**2 + 3*g**3 + 17 + 61*g**2 + 33*g. What are the prime factors of h(-11)?
193
Let k(i) = 8 + 70*i**3 - 5 + 0*i - 888*i**3 + i - 5 + 2*i**2. List the prime factors of k(-1).
19, 43
Let y be (1 + -3)/((-4)/24). Suppose 7*z = y*z - 20. Suppose z*v + 68 = 224. What are the prime factors of v?
3, 13
Let i be (-6)/(-60) + (-2)/20. Suppose -5*l + 602 + 43 = i. List the prime factors of l.
3, 43
Let w = -12 - -14. Suppose -t = w*h + 143, 94 = -4*t - h - 499. What are the prime factors of 1 - t/3 - (-26)/(-39)?
2, 5
Suppose 3*o = -1295 - 1771. Let g = o + 1441. What are the prime factors of g?
419
Let f(d) = d**3 + 24*d**2 - 10*d - 3. Let i be f(-13). Let n be ((-8)/(-12))/(-1 + 1990/i). Suppose 2*o = -77 + n. List the prime factors of o.
127
Suppose -25*q = -9566 - 5158 - 13276. What are the prime factors of q?
2, 5, 7
Suppose -14182 = -6*p + 14426. What are the prime factors of p?
2, 149
Let u = 15 + -15. Suppose -4*g - 11 = -4*w - 3, u = g + 4*w - 18. What are the prime factors of 244/14*(g - 5 - -10)?
2, 61
What are the prime factors of (4 - -22 - 24)/((-4)/(-1042))?
521
Let g(b) = -2*b**3 - 17*b**2 + 19*b - 8. Let s be g(-10). Suppose -2*t = 2*t + 2*p - 386, -5*p - s = -t. List the prime factors of t.
97
Suppose 4*g - 874 = -134. Suppose -31*w = -30*w - g. What are the prime factors of w?
5, 37
Let k = 19 - 17. Let d be (-2 - (3 + -4))*-553. Suppose -k*w + 226 = 2*j, w - d = 5*j - 10*j. List the prime factors of j.
2, 5, 11
Suppose 0*t + 2 = t. What are the prime factors of 285 - (t/(-1))/((-18)/27)?
2, 3, 47
Let d be (-3)/((-93)/124 - (-3)/(-4)). Suppose 3*l + 3*q - 6629 = -2231, -d*q = -4*l + 5834. What are the prime factors of l?
3, 487
Let h be (-10 - -5) + 722 - 3. Let w = -490 + h. What are the prime factors of w?
2, 7
Let r(v) = -35*v**3 - 29*v**2 - 32*v + 8. What are the prime factors of r(-11)?
2, 10859
Suppose -4*m + p + 100810 = -2*p, m - 2*p = 25195. What are the prime factors of m?
7, 13, 277
Let m(y) = 12*y - 12. Let j be m(1). Suppose 5*n = a - 213, 5*n + 451 = 2*a - j*n. What are the prime factors of a?
2, 7, 17
Let p = 48843 - 34456. What are the prime factors of p?
14387
Suppose -32 - 16 = 6*a. Let n(r) = -r**3 - 9*r**2 + 18*r + 1. Let l be n(a). Let k = l - -382. List the prime factors of k.
5, 7
Let j be (-60)/(-16)*80/15. Suppose 2*z + 32 - 238 = 0. Suppose -21*f = -j*f - z. What are the prime factors of f?
103
Let r(t) be the second derivative of 2*t**4/3 - 5*t**3/2 - 20*t. Suppose 2*w + 0 = 8. What are the prime factors of r(w)?
2, 17
Let z(g) = 42*g**2 + 99*g - 27. What are the prime factors of z(-8)?
3, 7, 89
Let i = -261 - -266. Suppose 5*z - i*d + 20 = 2725, -2*z + 1076 = d. What are the prime factors of z?
7, 11
Let x be (-1)/(1/2) + 4. Let w(r) = -3 - 6 + 25187*r - 25148*r. What are the prime factors of w(x)?
3, 23
Let t = -19188 + 36758. What are the prime factors of t?
2, 5, 7, 251
Let t be (7/2)/(-1)*(-48)/6. What are the prime factors of 24/11 + t/(-154) - -696?
2, 349
Suppose -q = -4*w + 36, 0 = -3*q + 4 + 8. What are the prime factors of (-8)/w*46680/(-48)?
2, 389
Suppose -4*m - 5*o = -1407, 338 = -21*m + 22*m + 4*o. Suppose 1012 = -2*c - 2*c. Let l = c + m. What are the prime factors of l?
3, 5, 7
List the prime factors of 2 - 2129638/(-189) - ((-12)/81)/2.
2, 5, 7, 23
Suppose 3*n + 5 = 38. Suppose 4*m = -2*u + 2544, -n*m = 5*u - 10*m - 6387. List the prime factors of u.
2, 3, 71
Let a(l) = -495*l + 7623. What are the prime factors of a(-53)?
2, 3, 11, 19
Let n = -832 + 835. Suppose 2126 = 2*w - 2*l, 0 = -2*w - n*l + 756 + 1390. List the prime factors of w.
11, 97
Suppose -2070 = -f + 3562. List the prime factors of f.
2, 11
Let r be -3*(-2)/3 - 1. Let c(v) be the second derivative of 27*v**5/10 + v**4/6 - v**3/3 + v**2/2 - 26*v. What are the prime factors of c(r)?
5, 11
Suppose 4624 = q + 15*q. Let t(b) = -180*b**3 - 2*b**2 + 1. Let x be t(-1). Let j = q - x. List the prime factors of j.
2, 5, 11
Let k = -1 - -9. Let b(w) = w - 12. Let r be b(k). List the prime factors of 2 - 8/(r + 0).
2
Suppose -196*c - 60093 = -207*c. List the prime factors of c.
3, 607
Suppose 3*r + 42 = 150. Suppose -r*p = -29*p - 210. What are the prime factors of p?
2, 3, 5
Let n(j) = j**3 + 32*j**2 + 13*j - 22. Let i be n(-32). Let p = 467 - i. List the prime factors of p.
5, 181
Let h be ((-9)/(-6) + 0)*(-32)/(-6). Let k be 0 - (-3)/(-2)*h/(-6). What are the prime factors of 6/(-2)*-15 + 4/k?
47
Let q(u) = -6 + 5*u**2 - 14*u**2 + 552*u + 6*u**2 - 548*u - u**3. Let a(z) = 2*z - 1. Let i be a(-2). What are the prime factors of q(i)?
2, 3
Let u(g) = -g**3 - 14*g**2 + 7*g - 16. Let y be u(-17). List the prime factors of 1*(y - 0)*(2 - 1).
2, 3, 61
Suppose v - 197 = 187. Suppose 0*f + 3*f = -v. Let o = 239 + f. What are the prime factors of o?
3, 37
Suppose -10 = -2*t, 17*t = 6*l + 15*t - 44. Let v(z) be the first derivative of 4*z**2 - 11*z + 1. List the prime factors of v(l).
61
Let q = 25 - 19. Suppose q*x + 659 + 175 = 0. Let f = x - -225. List the prime factors of f.
2, 43
Let n(z) = z**2 + 73*z - 385. Let p be n(-78). Let h be (-2)/4*(2 - 2332). Suppose 4*o + 245 = u + o, -p*o + h = 5*u. What are the prime factors of u?
2, 59
Suppose s + 5*s + 0*s = 0. Suppose 0 = p - 4*r + 8 - s, -3*p - 6 = -3*r. Suppose 3*i - 14*i + 2189 = p. List the prime factors of i.
199
Suppose 830*x + 105061 = 855*x - 210964. List the prime factors of 